List the prime factors of l.
5, 13
Suppose 9*m - 63 = -207. Let o be (-2 + 1)*243/3. What are the prime factors of 24/60 + o/10*m?
2, 5, 13
Let c(w) = w**2 - 20*w + 90. Let v be c(18). Suppose 10*s - v = 306. List the prime factors of s.
2, 3
Suppose -42*b + 20*b + 20*b = 0. Let d(s) = -5*s**2 - 5*s + 666. List the prime factors of d(b).
2, 3, 37
Let c = -29 - 6. Let l = -45 - c. List the prime factors of ((-34)/3)/(-1*l/(-15)).
17
Let h = 122 - 169. Let d = h + 54. Suppose -1966 = -d*r - 636. List the prime factors of r.
2, 5, 19
Let k(i) = 27*i**2 + 11*i + 8. Let c be k(-9). Suppose 256 = 16*a - c. List the prime factors of a.
3, 7
Let b(m) = 8*m**3 + 3*m**2 - 43 + 25 + 13*m**3 + 3*m**3 + 22 - 10*m. List the prime factors of b(4).
2, 3, 43
Let h(j) = 47*j**2 + 6*j + 6. Let c be h(-4). Suppose -5*o + 491 = -c. Suppose 5*g - 118 = -l + 8*g, -2*l + o = 3*g. List the prime factors of l.
11
Let d = 1283 + -1198. Let p = 50 - 92. Let u = d + p. List the prime factors of u.
43
Suppose -6140 = -a + 5*x, -104*x + 100*x = -2*a + 12232. What are the prime factors of a?
2, 5, 61
Let l = -398 - -6731. Suppose 7*z - l = 4223. List the prime factors of z.
2, 13, 29
Let c(r) = -r**3 - 17*r**2 + 21*r + 66. Let a be c(-18). What are the prime factors of a/2 - (-68 + 25)?
7
Let n(m) = 8*m + m**3 + 49*m**3 + 1948*m**2 + 0*m - 1950*m**2 - 10. List the prime factors of n(2).
2, 199
Let u = 64 - 34. Suppose l - 5*s - u = 0, l - 2*s + 4*s + 5 = 0. Suppose 5*q = -0*z + 5*z - 125, l*z + 5*q - 115 = 0. List the prime factors of z.
2, 3
Suppose 4*m + 36584 + 88033 = 5*q, -q + 24927 = m. List the prime factors of q.
5, 997
Suppose 416461 = -3601*l + 3620*l. What are the prime factors of l?
23, 953
Suppose -2*o = -3*g + 39033, -4*g - 5*o - 5439 = -57483. List the prime factors of g.
3, 4337
Suppose 20 = 5*w - 5*d, 2*w - 4*d = 4*w - 20. List the prime factors of 0 + 5352/32 + w/8.
2, 3, 7
Let m = -40 - -24. What are the prime factors of (-636 + 0)/(12/m)?
2, 53
Suppose 0 = 5*q - 20. Suppose -q*h + 1701 = -y, h - y - 490 = -61. List the prime factors of h.
2, 53
Suppose -26*u = -35*u - 18. List the prime factors of 453 + (-2)/1 + 2 - u.
5, 7, 13
Let f(j) = -841*j**2 + 2*j + 1. Let m be f(-1). Let y = -106 - m. Suppose 57*s = 53*s + y. What are the prime factors of s?
2, 23
Suppose -4*f + 4*t + 18818 = 2126, -4*f + 3*t = -16693. List the prime factors of f.
2, 2087
Suppose -82*t - 36950 = -7*r - 80*t, -r + 5*t = -5255. What are the prime factors of r?
2, 3, 5, 11
Let t = 25 - 23. Suppose -t*n + 3*o = 6*o + 1, 0 = -4*n + o + 33. Suppose n*x - 1209 = -243. What are the prime factors of x?
2, 3, 23
Let w = -48 + 54. Let h be (-62)/(-3) + 2/w. Suppose -h*s + 24*s - 87 = 0. List the prime factors of s.
29
Let y = 328 - -978. Suppose 2*a + a - 3249 = -5*j, 2*j - y = 2*a. Suppose -j = -5*d + 174. List the prime factors of d.
3, 5, 11
Suppose 848*l - 864*l = -52832. List the prime factors of l.
2, 13, 127
Let g = 44373 + -19268. List the prime factors of g.
5, 5021
Suppose z - 7 = 0, o + 5*z - 25486 + 2583 = 0. What are the prime factors of o?
2, 5717
Let n(t) = 40*t + 50. Let l = -200 + 230. What are the prime factors of n(l)?
2, 5
Suppose s = -5*b - 27, 39*s - 35*s + 28 = -4*b. List the prime factors of 314/1 - (14/7 + s).
2, 157
Let x = 1415 + -195. What are the prime factors of x?
2, 5, 61
Let p(b) = 202*b**2 - 467*b + 3253. What are the prime factors of p(7)?
2, 3, 61
Let m = 3533 - -1049. List the prime factors of m.
2, 29, 79
Suppose 3*y = 2*q + 49970, -4*q = -2*y + 1822 + 31486. What are the prime factors of y?
2, 8329
Suppose 103112 = 4*o - g, -129*g = -2*o - 127*g + 51562. What are the prime factors of o?
149, 173
Let a be 233/5 + (12/5)/6. Let q = a + 3140. Suppose -q = -10*n - 397. List the prime factors of n.
3, 31
Suppose 4*p + 4 = 0, 2*p + 91 = 4*g - 123. Let t be (1 - g)*(-3)/(-6). Let w = t + 41. List the prime factors of w.
3, 5
Suppose -5*n = -5*u - 4315, 0 = 5*n - 4*u - 4756 + 443. Let w = n - 448. What are the prime factors of w?
7, 59
Suppose 2*p + p + 4*k = -101, 4*p + k + 139 = 0. Suppose -3*n = 5*v + 258, 2*v + 147 = -5*n + 59. Let y = p - v. List the prime factors of y.
19
Suppose 6*l - 5*l - 543 = 0. Suppose z - 2*z = -l. What are the prime factors of z?
3, 181
Let a(m) = 15*m**3 + 5*m**2 - 20*m - 6. Let y be a(3). Let d(v) = v**3 - 2*v**2 - 2*v + 4. Let b be d(3). Suppose -b*h + y = -h. List the prime factors of h.
2
Suppose 3*p = 2*m + 10873, 317*p - 4*m - 7254 = 315*p. List the prime factors of p.
3623
List the prime factors of (88830/1316)/((-1)/(-28)*2).
3, 5, 7
Let v = -7938 + 12568. List the prime factors of v.
2, 5, 463
Suppose 359*p + 170118 = 365*p. What are the prime factors of p?
3, 13, 727
Let f(b) = -1625*b + 1883. What are the prime factors of f(-9)?
2, 4127
Suppose -158*f = -538652 - 852380. What are the prime factors of f?
2, 31, 71
Suppose h - 4846 = -4*d + d, -5*d = 4*h - 19412. List the prime factors of h.
2, 7, 347
Let w = 408 - 105. Let r = 73 + w. Suppose 4*l - r + 4 = 0. List the prime factors of l.
3, 31
Let j(i) be the second derivative of -16*i**3/3 - 9*i**2/2 + 14*i - 2. What are the prime factors of j(-8)?
13, 19
Let u = 2023 - 1057. Suppose -4*d + u = -d. List the prime factors of d.
2, 7, 23
Let j(k) = -6*k**3 - k**2 - 1. Let b be j(-3). Let v = 1148 - 1144. Suppose -2*d + 134 = -5*n - b, 3*d + v*n - 429 = 0. What are the prime factors of d?
11, 13
Let q = 39 + -35. Suppose q*s - 57 = -1. What are the prime factors of s - (2 + (4 - 6))?
2, 7
Suppose 3*g = -3*a - g + 586, -187 = -a - 3*g. Suppose -x + c = -a, -3*x + 398 = -x + 4*c. Suppose -4*f = -147 - x. What are the prime factors of f?
3, 29
Let g = 80 - -3918. List the prime factors of g.
2, 1999
Let h(i) = 2465 - 5*i - 1270 - 1237 + 16*i. Let p(f) = f + 16. Let l be p(0). What are the prime factors of h(l)?
2, 67
Let z(h) = -23*h + 13. Let u be z(-4). Let a = -140 + 116. Let f = a + u. List the prime factors of f.
3
Let c(n) = -n**3 + 6*n**2 + 6*n + 72. Let x be c(8). What are the prime factors of (-4 + (-2 - x))*1076/2?
2, 269
Let y = 13348 + -11516. What are the prime factors of y?
2, 229
Let g = -2994 + 6314. List the prime factors of g.
2, 5, 83
Let c be (-3)/(-15)*-2 - 39/15. Let t be 48*(c + (-108)/(-16)). Suppose -5*i = -3*i - t. What are the prime factors of i?
2, 3, 5
Let l = -34 + 49. Let b be (-10)/(-4)*186/l. What are the prime factors of b/(3 + 11/(-4))?
2, 31
Suppose -3*m = 5*l - 12683, 4*m - 17096 = 2*l - 142. What are the prime factors of m?
2, 3, 353
Let p(q) = 3*q**2 - 24*q - 18. Let m(c) = -c**3 - 14*c**2 - 28*c - 11. Let u be m(-11). Let n be ((-4)/8)/(0 + 3/u). List the prime factors of p(n).
3
Suppose -6 = -h - 3. Let x = -10 + h. Let g(i) = i + 10. What are the prime factors of g(x)?
3
Let q(b) = -2586*b - 414. What are the prime factors of q(-3)?
2, 3, 17
List the prime factors of (-26)/(-351) - 736286/(-54).
3, 5, 101
Suppose 0 = 3*m - 21, -4*g + 20*m = 17*m - 79239. What are the prime factors of g?
3, 5, 1321
Let n(q) = q**2 + 18*q + 79. Let x be n(-12). Suppose x*g + 1308 = 5858. What are the prime factors of g?
2, 5, 13
Suppose 2330362 = 141*o + 170806. List the prime factors of o.
2, 7, 547
Let s(v) = v**3 - 55*v**2 + 269*v + 171. List the prime factors of s(53).
2, 5, 881
Let q(t) = -6901*t - 1759. List the prime factors of q(-2).
12043
List the prime factors of ((-3210480)/(-154) - 10) + 6/(-22).
67, 311
Let v(j) = j + 107. Let c be v(0). Suppose 105*s = c*s - 10. List the prime factors of s.
5
List the prime factors of 0 + (-9)/1*((-3 - 2) + -143).
2, 3, 37
Suppose 10*s = -3*j + 5*s + 66, 0 = -5*j - 4*s + 123. Suppose j*f - 19*f = 712. List the prime factors of f.
89
Let s(b) = 2*b**2 - 9*b + 9. Let c be s(1). Suppose -2*q = 3*d - 3154, 28*q - 7907 = 23*q - c*d. What are the prime factors of q?
1583
List the prime factors of (0/(-7) - 485)/(2/(-14)).
5, 7, 97
Let n(a) = -a**3 + 7*a**2 - 2*a + 14. Let u be n(7). Suppose -4*m + 8*m - 12 = u. Suppose -94 = -m*g + 62. List the prime factors of g.
2, 13
Let p = -68 - -68. Suppose 6*n - 1584 = -p*n. List the prime factors of n.
2, 3, 11
Let c = 3092 + -1953. Let a = 1055 + c. What are the prime factors of a/14 + 6 + (-80)/14?
157
What are the prime factors of (111 - 106)/((-20)/(-153528) + 